{"id":3105,"date":"2023-04-05T10:40:53","date_gmt":"2023-04-05T10:40:53","guid":{"rendered":"http:\/\/dezvoltare.uvt.ro\/arte\/?page_id=3105"},"modified":"2023-07-25T09:36:42","modified_gmt":"2023-07-25T09:36:42","slug":"erasmus","status":"publish","type":"page","link":"http:\/\/dezvoltare.uvt.ro\/arte\/international\/erasmus\/","title":{"rendered":"Erasmus"},"content":{"rendered":"\t\t<div data-elementor-type=\"wp-page\" data-elementor-id=\"3105\" class=\"elementor elementor-3105\">\n\t\t\t\t\t\t\t<div class=\"elementor-element elementor-element-12f20d9 e-con-boxed e-con\" data-id=\"12f20d9\" data-element_type=\"container\" data-settings=\"{&quot;content_width&quot;:&quot;boxed&quot;}\">\n\t\t\t\t\t<div class=\"e-con-inner\">\n\t\t\t\t<div class=\"elementor-element elementor-element-84d0c54 elementor-widget elementor-widget-breadcrumbs\" data-id=\"84d0c54\" data-element_type=\"widget\" data-widget_type=\"breadcrumbs.default\">\n\t\t\t\t<div class=\"elementor-widget-container\">\n\t\t\t<p id=\"breadcrumbs\"><span><span><a href=\"https:\/\/dezvoltare.uvt.ro\/arte\/\">Acas\u0103<\/a><\/span><\/span><\/p>\t\t<\/div>\n\t\t\t\t<\/div>\n\t\t\t\t\t<\/div>\n\t\t\t\t<\/div>\n\t\t<div class=\"elementor-element elementor-element-ca7b1e4 e-con-boxed e-con\" data-id=\"ca7b1e4\" data-element_type=\"container\" data-settings=\"{&quot;content_width&quot;:&quot;boxed&quot;}\">\n\t\t\t\t\t<div class=\"e-con-inner\">\n\t\t\t\t<div class=\"elementor-element elementor-element-ccbd5e9 elementor-widget elementor-widget-heading\" data-id=\"ccbd5e9\" data-element_type=\"widget\" data-widget_type=\"heading.default\">\n\t\t\t\t<div class=\"elementor-widget-container\">\n\t\t\t<h2 class=\"elementor-heading-title elementor-size-default\">Erasmus+<\/h2>\t\t<\/div>\n\t\t\t\t<\/div>\n\t\t\t\t<div class=\"elementor-element elementor-element-be9a179 elementor-widget-divider--view-line elementor-widget elementor-widget-divider\" data-id=\"be9a179\" data-element_type=\"widget\" data-widget_type=\"divider.default\">\n\t\t\t\t<div class=\"elementor-widget-container\">\n\t\t\t\t\t<div class=\"elementor-divider\">\n\t\t\t<span class=\"elementor-divider-separator\">\n\t\t\t\t\t\t<\/span>\n\t\t<\/div>\n\t\t\t\t<\/div>\n\t\t\t\t<\/div>\n\t\t\t\t\t<\/div>\n\t\t\t\t<\/div>\n\t\t<div class=\"elementor-element elementor-element-ab5212d e-con-boxed e-con\" data-id=\"ab5212d\" data-element_type=\"container\" data-settings=\"{&quot;content_width&quot;:&quot;boxed&quot;}\">\n\t\t\t\t\t<div class=\"e-con-inner\">\n\t\t\t\t<div class=\"elementor-element elementor-element-5d1ac42 elementor-widget elementor-widget-text-editor\" data-id=\"5d1ac42\" data-element_type=\"widget\" data-widget_type=\"text-editor.default\">\n\t\t\t\t<div class=\"elementor-widget-container\">\n\t\t\t\t\t\t\t<p>Valorific\u0103 oferta noastr\u0103 de stagii de studii \u00een st\u0103in\u0103tate!<br \/>Pentru a te orienta mai bine,locurile sunt ordonate \u00een func\u021bie de specializare \u0219i nivel de studiu (Licen\u021b\u0103, Master, Doctorat).<br \/>Beneficiezi de burs\u0103! Notele \u00ee\u021bi sunt echivalate!<br \/>AI posibilitatea s\u0103 experimentezi un alt sistem european de \u00eenv\u0103\u021b\u0103m\u00e2nt, s\u0103-\u021bi faci prieteni \u0219i contacte utile pentru parcursul t\u0103u profesional viitor!<\/p><p><strong>Responsabili ERASMUS<\/strong>:<br \/>conf. univ. dr. Andreescu Diana<br \/>Contact:<a href=\"mailto:diana.andreescu@e-uvt.ro\">diana.andreescu@e-uvt.ro<\/a><br \/>lect. univ. dr. Cristina Daju <br \/>Contact: <a href=\"mailto:cristina.daju@e-uvt.ro\">cristina.daju@e-uvt.ro<\/a><\/p>\t\t\t\t\t\t<\/div>\n\t\t\t\t<\/div>\n\t\t\t\t\t<\/div>\n\t\t\t\t<\/div>\n\t\t\t\t\t\t\t<\/div>\n\t\t","protected":false},"excerpt":{"rendered":"<p>Erasmus+ Valorific\u0103 oferta noastr\u0103 de stagii de studii \u00een st\u0103in\u0103tate!Pentru a te orienta mai bine,locurile sunt ordonate \u00een func\u021bie de specializare \u0219i nivel de studiu (Licen\u021b\u0103, Master, Doctorat).Beneficiezi de burs\u0103! Notele \u00ee\u021bi sunt echivalate!AI posibilitatea s\u0103 experimentezi un alt sistem european de \u00eenv\u0103\u021b\u0103m\u00e2nt, s\u0103-\u021bi faci prieteni \u0219i contacte utile pentru parcursul t\u0103u profesional viitor! Responsabili [&hellip;]<\/p>\n","protected":false},"author":7,"featured_media":0,"parent":157,"menu_order":0,"comment_status":"closed","ping_status":"closed","template":"","meta":[],"acf":[],"yoast_head":"<!-- This site is optimized with the Yoast SEO plugin v20.4 - https:\/\/yoast.com\/wordpress\/plugins\/seo\/ -->\n<title>Erasmus - dezvoltare.uvt.ro\/arte<\/title>\n<meta name=\"robots\" content=\"noindex, follow, max-snippet:-1, max-image-preview:large, max-video-preview:-1\" \/>\n<meta property=\"og:locale\" content=\"en_US\" \/>\n<meta property=\"og:type\" content=\"article\" \/>\n<meta property=\"og:title\" content=\"Erasmus - dezvoltare.uvt.ro\/arte\" \/>\n<meta property=\"og:description\" content=\"Erasmus+ Valorific\u0103 oferta noastr\u0103 de stagii de studii \u00een st\u0103in\u0103tate!Pentru a te orienta mai bine,locurile sunt ordonate \u00een func\u021bie de specializare \u0219i nivel de studiu (Licen\u021b\u0103, Master, Doctorat).Beneficiezi de burs\u0103! Notele \u00ee\u021bi sunt echivalate!AI posibilitatea s\u0103 experimentezi un alt sistem european de \u00eenv\u0103\u021b\u0103m\u00e2nt, s\u0103-\u021bi faci prieteni \u0219i contacte utile pentru parcursul t\u0103u profesional viitor! Responsabili [&hellip;]\" \/>\n<meta property=\"og:url\" content=\"http:\/\/dezvoltare.uvt.ro\/arte\/international\/erasmus\/\" \/>\n<meta property=\"og:site_name\" content=\"dezvoltare.uvt.ro\/arte\" \/>\n<meta property=\"article:modified_time\" content=\"2023-07-25T09:36:42+00:00\" \/>\n<meta name=\"twitter:card\" content=\"summary_large_image\" \/>\n<meta name=\"twitter:label1\" content=\"Est. reading time\" \/>\n\t<meta name=\"twitter:data1\" content=\"1 minute\" \/>\n<script type=\"application\/ld+json\" class=\"yoast-schema-graph\">{\"@context\":\"https:\/\/schema.org\",\"@graph\":[{\"@type\":\"WebPage\",\"@id\":\"http:\/\/dezvoltare.uvt.ro\/arte\/international\/erasmus\/\",\"url\":\"http:\/\/dezvoltare.uvt.ro\/arte\/international\/erasmus\/\",\"name\":\"Erasmus - dezvoltare.uvt.ro\/arte\",\"isPartOf\":{\"@id\":\"https:\/\/dezvoltare.uvt.ro\/arte\/#website\"},\"datePublished\":\"2023-04-05T10:40:53+00:00\",\"dateModified\":\"2023-07-25T09:36:42+00:00\",\"breadcrumb\":{\"@id\":\"http:\/\/dezvoltare.uvt.ro\/arte\/international\/erasmus\/#breadcrumb\"},\"inLanguage\":\"en-US\",\"potentialAction\":[{\"@type\":\"ReadAction\",\"target\":[\"http:\/\/dezvoltare.uvt.ro\/arte\/international\/erasmus\/\"]}]},{\"@type\":\"BreadcrumbList\",\"@id\":\"http:\/\/dezvoltare.uvt.ro\/arte\/international\/erasmus\/#breadcrumb\",\"itemListElement\":[{\"@type\":\"ListItem\",\"position\":1,\"name\":\"Acas\u0103\",\"item\":\"https:\/\/dezvoltare.uvt.ro\/arte\/\"},{\"@type\":\"ListItem\",\"position\":2,\"name\":\"Interna\u021bional\",\"item\":\"http:\/\/dezvoltare.uvt.ro\/arte\/international\/\"},{\"@type\":\"ListItem\",\"position\":3,\"name\":\"Erasmus\"}]},{\"@type\":\"WebSite\",\"@id\":\"https:\/\/dezvoltare.uvt.ro\/arte\/#website\",\"url\":\"https:\/\/dezvoltare.uvt.ro\/arte\/\",\"name\":\"dezvoltare.uvt.ro\/arte\",\"description\":\"Arte\",\"potentialAction\":[{\"@type\":\"SearchAction\",\"target\":{\"@type\":\"EntryPoint\",\"urlTemplate\":\"https:\/\/dezvoltare.uvt.ro\/arte\/?s={search_term_string}\"},\"query-input\":\"required name=search_term_string\"}],\"inLanguage\":\"en-US\"}]}<\/script>\n<!-- \/ Yoast SEO plugin. -->","yoast_head_json":{"title":"Erasmus - dezvoltare.uvt.ro\/arte","robots":{"index":"noindex","follow":"follow","max-snippet":"max-snippet:-1","max-image-preview":"max-image-preview:large","max-video-preview":"max-video-preview:-1"},"og_locale":"en_US","og_type":"article","og_title":"Erasmus - dezvoltare.uvt.ro\/arte","og_description":"Erasmus+ Valorific\u0103 oferta noastr\u0103 de stagii de studii \u00een st\u0103in\u0103tate!Pentru a te orienta mai bine,locurile sunt ordonate \u00een func\u021bie de specializare \u0219i nivel de studiu (Licen\u021b\u0103, Master, Doctorat).Beneficiezi de burs\u0103! Notele \u00ee\u021bi sunt echivalate!AI posibilitatea s\u0103 experimentezi un alt sistem european de \u00eenv\u0103\u021b\u0103m\u00e2nt, s\u0103-\u021bi faci prieteni \u0219i contacte utile pentru parcursul t\u0103u profesional viitor! Responsabili [&hellip;]","og_url":"http:\/\/dezvoltare.uvt.ro\/arte\/international\/erasmus\/","og_site_name":"dezvoltare.uvt.ro\/arte","article_modified_time":"2023-07-25T09:36:42+00:00","twitter_card":"summary_large_image","twitter_misc":{"Est. reading time":"1 minute"},"schema":{"@context":"https:\/\/schema.org","@graph":[{"@type":"WebPage","@id":"http:\/\/dezvoltare.uvt.ro\/arte\/international\/erasmus\/","url":"http:\/\/dezvoltare.uvt.ro\/arte\/international\/erasmus\/","name":"Erasmus - dezvoltare.uvt.ro\/arte","isPartOf":{"@id":"https:\/\/dezvoltare.uvt.ro\/arte\/#website"},"datePublished":"2023-04-05T10:40:53+00:00","dateModified":"2023-07-25T09:36:42+00:00","breadcrumb":{"@id":"http:\/\/dezvoltare.uvt.ro\/arte\/international\/erasmus\/#breadcrumb"},"inLanguage":"en-US","potentialAction":[{"@type":"ReadAction","target":["http:\/\/dezvoltare.uvt.ro\/arte\/international\/erasmus\/"]}]},{"@type":"BreadcrumbList","@id":"http:\/\/dezvoltare.uvt.ro\/arte\/international\/erasmus\/#breadcrumb","itemListElement":[{"@type":"ListItem","position":1,"name":"Acas\u0103","item":"https:\/\/dezvoltare.uvt.ro\/arte\/"},{"@type":"ListItem","position":2,"name":"Interna\u021bional","item":"http:\/\/dezvoltare.uvt.ro\/arte\/international\/"},{"@type":"ListItem","position":3,"name":"Erasmus"}]},{"@type":"WebSite","@id":"https:\/\/dezvoltare.uvt.ro\/arte\/#website","url":"https:\/\/dezvoltare.uvt.ro\/arte\/","name":"dezvoltare.uvt.ro\/arte","description":"Arte","potentialAction":[{"@type":"SearchAction","target":{"@type":"EntryPoint","urlTemplate":"https:\/\/dezvoltare.uvt.ro\/arte\/?s={search_term_string}"},"query-input":"required name=search_term_string"}],"inLanguage":"en-US"}]}},"_links":{"self":[{"href":"http:\/\/dezvoltare.uvt.ro\/arte\/wp-json\/wp\/v2\/pages\/3105"}],"collection":[{"href":"http:\/\/dezvoltare.uvt.ro\/arte\/wp-json\/wp\/v2\/pages"}],"about":[{"href":"http:\/\/dezvoltare.uvt.ro\/arte\/wp-json\/wp\/v2\/types\/page"}],"author":[{"embeddable":true,"href":"http:\/\/dezvoltare.uvt.ro\/arte\/wp-json\/wp\/v2\/users\/7"}],"replies":[{"embeddable":true,"href":"http:\/\/dezvoltare.uvt.ro\/arte\/wp-json\/wp\/v2\/comments?post=3105"}],"version-history":[{"count":3,"href":"http:\/\/dezvoltare.uvt.ro\/arte\/wp-json\/wp\/v2\/pages\/3105\/revisions"}],"predecessor-version":[{"id":3600,"href":"http:\/\/dezvoltare.uvt.ro\/arte\/wp-json\/wp\/v2\/pages\/3105\/revisions\/3600"}],"up":[{"embeddable":true,"href":"http:\/\/dezvoltare.uvt.ro\/arte\/wp-json\/wp\/v2\/pages\/157"}],"wp:attachment":[{"href":"http:\/\/dezvoltare.uvt.ro\/arte\/wp-json\/wp\/v2\/media?parent=3105"}],"curies":[{"name":"wp","href":"https:\/\/api.w.org\/{rel}","templated":true}]}}