{"id":87,"date":"2021-11-09T21:17:29","date_gmt":"2021-11-09T21:17:29","guid":{"rendered":"http:\/\/dezvoltare.uvt.ro\/arte\/?page_id=87"},"modified":"2023-07-25T09:12:49","modified_gmt":"2023-07-25T09:12:49","slug":"regulamente-si-documente-utile","status":"publish","type":"page","link":"http:\/\/dezvoltare.uvt.ro\/arte\/facultate\/regulamente-si-documente-utile\/","title":{"rendered":"Regulamente \u0219i documente utile"},"content":{"rendered":"\t\t<div data-elementor-type=\"wp-page\" data-elementor-id=\"87\" class=\"elementor elementor-87\">\n\t\t\t\t\t\t\t\t\t<section class=\"elementor-section elementor-top-section elementor-element elementor-element-31e85af elementor-section-boxed elementor-section-height-default elementor-section-height-default\" data-id=\"31e85af\" data-element_type=\"section\">\n\t\t\t\t\t\t<div class=\"elementor-container elementor-column-gap-default\">\n\t\t\t\t\t<div class=\"elementor-column elementor-col-100 elementor-top-column elementor-element elementor-element-b3bfd29\" data-id=\"b3bfd29\" data-element_type=\"column\">\n\t\t\t<div class=\"elementor-widget-wrap elementor-element-populated\">\n\t\t\t\t\t\t\t\t<div class=\"elementor-element elementor-element-9abc723 elementor-align-left elementor-widget elementor-widget-breadcrumbs\" data-id=\"9abc723\" data-element_type=\"widget\" data-widget_type=\"breadcrumbs.default\">\n\t\t\t\t<div class=\"elementor-widget-container\">\n\t\t\t<p id=\"breadcrumbs\"><span><span><a href=\"https:\/\/dezvoltare.uvt.ro\/arte\/\">Acas\u0103<\/a><\/span><\/span><\/p>\t\t<\/div>\n\t\t\t\t<\/div>\n\t\t\t\t\t<\/div>\n\t\t<\/div>\n\t\t\t\t\t\t\t<\/div>\n\t\t<\/section>\n\t\t\t\t<section class=\"elementor-section elementor-top-section elementor-element elementor-element-41098d3 elementor-section-boxed elementor-section-height-default elementor-section-height-default\" data-id=\"41098d3\" data-element_type=\"section\">\n\t\t\t\t\t\t<div class=\"elementor-container elementor-column-gap-default\">\n\t\t\t\t\t<div class=\"elementor-column elementor-col-100 elementor-top-column elementor-element elementor-element-51150ea\" data-id=\"51150ea\" data-element_type=\"column\">\n\t\t\t<div class=\"elementor-widget-wrap elementor-element-populated\">\n\t\t\t\t\t\t\t\t<div class=\"elementor-element elementor-element-3092584 elementor-widget elementor-widget-heading\" data-id=\"3092584\" data-element_type=\"widget\" data-widget_type=\"heading.default\">\n\t\t\t\t<div class=\"elementor-widget-container\">\n\t\t\t<h2 class=\"elementor-heading-title elementor-size-default\">Regulamente \u0219i documente utile<\/h2>\t\t<\/div>\n\t\t\t\t<\/div>\n\t\t\t\t<div class=\"elementor-element elementor-element-2a64069 elementor-widget-divider--view-line elementor-widget elementor-widget-divider\" data-id=\"2a64069\" data-element_type=\"widget\" data-widget_type=\"divider.default\">\n\t\t\t\t<div class=\"elementor-widget-container\">\n\t\t\t\t\t<div class=\"elementor-divider\">\n\t\t\t<span class=\"elementor-divider-separator\">\n\t\t\t\t\t\t<\/span>\n\t\t<\/div>\n\t\t\t\t<\/div>\n\t\t\t\t<\/div>\n\t\t\t\t\t<\/div>\n\t\t<\/div>\n\t\t\t\t\t\t\t<\/div>\n\t\t<\/section>\n\t\t\t\t<section class=\"elementor-section elementor-top-section elementor-element elementor-element-2671fff elementor-section-boxed elementor-section-height-default elementor-section-height-default\" data-id=\"2671fff\" data-element_type=\"section\">\n\t\t\t\t\t\t<div class=\"elementor-container elementor-column-gap-default\">\n\t\t\t\t\t<div class=\"elementor-column elementor-col-100 elementor-top-column elementor-element elementor-element-397178c\" data-id=\"397178c\" data-element_type=\"column\">\n\t\t\t<div class=\"elementor-widget-wrap elementor-element-populated\">\n\t\t\t\t\t\t\t\t<div class=\"elementor-element elementor-element-3d25524 elementor-widget elementor-widget-accordion\" data-id=\"3d25524\" data-element_type=\"widget\" data-widget_type=\"accordion.default\">\n\t\t\t\t<div class=\"elementor-widget-container\">\n\t\t\t\t\t<div class=\"elementor-accordion\" role=\"tablist\">\n\t\t\t\t\t\t\t<div class=\"elementor-accordion-item\">\n\t\t\t\t\t<div id=\"elementor-tab-title-6411\" class=\"elementor-tab-title\" data-tab=\"1\" role=\"tab\" aria-controls=\"elementor-tab-content-6411\" aria-expanded=\"false\">\n\t\t\t\t\t\t\t\t\t\t\t\t\t<span class=\"elementor-accordion-icon elementor-accordion-icon-right\" aria-hidden=\"true\">\n\t\t\t\t\t\t\t\t\t\t\t\t\t\t\t<span class=\"elementor-accordion-icon-closed\"><i class=\"fas fa-plus\"><\/i><\/span>\n\t\t\t\t\t\t\t\t<span class=\"elementor-accordion-icon-opened\"><i class=\"fas fa-minus\"><\/i><\/span>\n\t\t\t\t\t\t\t\t\t\t\t\t\t\t<\/span>\n\t\t\t\t\t\t\t\t\t\t\t\t<a class=\"elementor-accordion-title\" href=\"\">Regulament de organizare \u0219i func\u021bionare al consiliului Facult\u0103\u021bii<\/a>\n\t\t\t\t\t<\/div>\n\t\t\t\t\t<div id=\"elementor-tab-content-6411\" class=\"elementor-tab-content elementor-clearfix\" data-tab=\"1\" role=\"tabpanel\" aria-labelledby=\"elementor-tab-title-6411\"><p><a href=\"http:\/\/dezvoltare.uvt.ro\/arte\/wp-content\/uploads\/2021\/11\/Consiliul-FAD-ROF.pdf\">Regulamentul de organizare si func\u021bionare a Consiliului Facult\u0103\u021bii de Arte \u0219i Design<\/a><\/p><\/div>\n\t\t\t\t<\/div>\n\t\t\t\t\t\t\t<div class=\"elementor-accordion-item\">\n\t\t\t\t\t<div id=\"elementor-tab-title-6412\" class=\"elementor-tab-title\" data-tab=\"2\" role=\"tab\" aria-controls=\"elementor-tab-content-6412\" aria-expanded=\"false\">\n\t\t\t\t\t\t\t\t\t\t\t\t\t<span class=\"elementor-accordion-icon elementor-accordion-icon-right\" aria-hidden=\"true\">\n\t\t\t\t\t\t\t\t\t\t\t\t\t\t\t<span class=\"elementor-accordion-icon-closed\"><i class=\"fas fa-plus\"><\/i><\/span>\n\t\t\t\t\t\t\t\t<span class=\"elementor-accordion-icon-opened\"><i class=\"fas fa-minus\"><\/i><\/span>\n\t\t\t\t\t\t\t\t\t\t\t\t\t\t<\/span>\n\t\t\t\t\t\t\t\t\t\t\t\t<a class=\"elementor-accordion-title\" href=\"\">Membrii consiliului Facult\u0103\u021bii<\/a>\n\t\t\t\t\t<\/div>\n\t\t\t\t\t<div id=\"elementor-tab-content-6412\" class=\"elementor-tab-content elementor-clearfix\" data-tab=\"2\" role=\"tabpanel\" aria-labelledby=\"elementor-tab-title-6412\"><p>\u00a0<\/p><table style=\"height: 1210px;\" border=\"1\" width=\"1127\" cellspacing=\"0\" cellpadding=\"0\"><tbody><tr><td colspan=\"3\" valign=\"top\" width=\"408\"><p align=\"center\"><span lang=\"RO\">Membrii Consiliului FAD<\/span><\/p><\/td><\/tr><tr><td valign=\"top\" width=\"276\"><p align=\"center\"><span lang=\"RO\">Nume<\/span><\/p><\/td><td valign=\"top\" width=\"132\"><p align=\"center\"><span lang=\"RO\">Departament<\/span><\/p><\/td><td valign=\"top\" width=\"132\"><p align=\"center\"><span lang=\"RO\">Adres\u0103 email<\/span><\/p><\/td><\/tr><tr><td valign=\"top\" width=\"276\"><p>Prof. univ. dr. Daniela Constantin<\/p><\/td><td valign=\"top\" width=\"132\"><p>Arte vizuale<\/p><\/td><td valign=\"top\" width=\"132\"><p align=\"center\">daniela.constantin@e-uvt.ro<\/p><\/td><\/tr><tr><td valign=\"top\" width=\"276\"><p>Conf. univ. dr. Andreea Palade Flondor<\/p><\/td><td valign=\"top\" width=\"132\"><p>Design si Arte Aplicate<\/p><\/td><td valign=\"top\" width=\"132\"><p align=\"center\">andreea.palade@e-uvt.ro<\/p><\/td><\/tr><tr><td valign=\"top\" width=\"276\"><p>Conf. univ. dr. Diana Andreescu<\/p><\/td><td valign=\"top\" width=\"132\"><p>Design si Arte Aplicate<\/p><\/td><td valign=\"top\" width=\"132\"><p align=\"center\">diana.andreescu@e-uvt.ro<\/p><\/td><\/tr><tr><td valign=\"top\" width=\"276\"><p>Conf. univ. dr. Dumitru Penteliuc Cotosman<\/p><\/td><td valign=\"top\" width=\"132\"><p>Design si Arte Aplicate<\/p><\/td><td valign=\"top\" width=\"132\"><p align=\"center\">dumitru.penteliuc@e-uvt.ro<\/p><\/td><\/tr><tr><td valign=\"top\" width=\"276\"><p>Conf. univ. dr. Rudolf Kocsis<\/p><\/td><td valign=\"top\" width=\"132\"><p>Arte vizuale<\/p><\/td><td valign=\"top\" width=\"132\"><p align=\"center\">rudolf.kocsis@e-uvt.ro<\/p><\/td><\/tr><tr><td valign=\"top\" width=\"276\"><p>Conf. univ. dr. Valentina \u0218tef\u0103nescu<\/p><\/td><td valign=\"top\" width=\"132\"><p>Design si Arte Aplicate<\/p><\/td><td valign=\"top\" width=\"132\"><p align=\"center\">valentina.stefanescu@e-uvt.ro<\/p><\/td><\/tr><tr><td valign=\"top\" width=\"276\"><p>Lect. univ. dr. Daniel Apostu<\/p><\/td><td valign=\"top\" width=\"132\"><p>Arte vizuale<\/p><\/td><td valign=\"top\" width=\"132\"><p align=\"center\">daniel.apostu@e-uvt.ro<\/p><\/td><\/tr><tr><td valign=\"top\" width=\"276\"><p>Lect. univ. dr. Ion Gherman<\/p><\/td><td valign=\"top\" width=\"132\"><p>Arte vizuale<\/p><\/td><td valign=\"top\" width=\"132\"><p align=\"center\">ion.gherman@e-uvt.ro<\/p><\/td><\/tr><tr><td valign=\"top\" width=\"276\"><p>Lector univ. dr. Silvia Trion<\/p><\/td><td valign=\"top\" width=\"132\"><p>Arte vizuale<\/p><\/td><td valign=\"top\" width=\"132\"><p align=\"center\">silvia.trion@e-uvt.ro<\/p><\/td><\/tr><tr><td valign=\"top\" width=\"276\"><p>Asist univ. dr. Maria S\u00e2rbu<\/p><\/td><td valign=\"top\" width=\"132\"><p>Arte vizuale<\/p><\/td><td valign=\"top\" width=\"132\"><p align=\"center\">maria.sarbu@e-uvt.ro<\/p><\/td><\/tr><tr><td valign=\"top\" width=\"276\"><p>\u0218tefan Buc\u0219\u0103<\/p><\/td><td valign=\"top\" width=\"132\"><p>student<\/p><\/td><td valign=\"top\" width=\"132\"><p align=\"center\"><span lang=\"RO\">&#8211;<\/span><\/p><\/td><\/tr><tr><td valign=\"top\" width=\"276\"><p>Denisa Dale<\/p><\/td><td valign=\"top\" width=\"132\"><p>student<\/p><\/td><td valign=\"top\" width=\"132\"><p align=\"center\"><span lang=\"RO\">&#8211;<\/span><\/p><\/td><\/tr><tr><td valign=\"top\" width=\"276\"><p>Otilia Sfetcu<\/p><\/td><td valign=\"top\" width=\"132\"><p>student<\/p><\/td><td valign=\"top\" width=\"132\"><p align=\"center\"><span lang=\"RO\">&#8211;<\/span><\/p><\/td><\/tr><tr><td valign=\"top\" width=\"276\"><p>Theodora Scurtu<\/p><\/td><td valign=\"top\" width=\"132\"><p>student<\/p><\/td><td valign=\"top\" width=\"132\"><p style=\"text-align: center;\"><span lang=\"RO\">&#8211;<\/span><\/p><\/td><\/tr><\/tbody><\/table><\/div>\n\t\t\t\t<\/div>\n\t\t\t\t\t\t\t<div class=\"elementor-accordion-item\">\n\t\t\t\t\t<div id=\"elementor-tab-title-6413\" class=\"elementor-tab-title\" data-tab=\"3\" role=\"tab\" aria-controls=\"elementor-tab-content-6413\" aria-expanded=\"false\">\n\t\t\t\t\t\t\t\t\t\t\t\t\t<span class=\"elementor-accordion-icon elementor-accordion-icon-right\" aria-hidden=\"true\">\n\t\t\t\t\t\t\t\t\t\t\t\t\t\t\t<span class=\"elementor-accordion-icon-closed\"><i class=\"fas fa-plus\"><\/i><\/span>\n\t\t\t\t\t\t\t\t<span class=\"elementor-accordion-icon-opened\"><i class=\"fas fa-minus\"><\/i><\/span>\n\t\t\t\t\t\t\t\t\t\t\t\t\t\t<\/span>\n\t\t\t\t\t\t\t\t\t\t\t\t<a class=\"elementor-accordion-title\" href=\"\">Hot\u0103r\u00e2rile consiliului Facult\u0103\u021bii<\/a>\n\t\t\t\t\t<\/div>\n\t\t\t\t\t<div id=\"elementor-tab-content-6413\" class=\"elementor-tab-content elementor-clearfix\" data-tab=\"3\" role=\"tabpanel\" aria-labelledby=\"elementor-tab-title-6413\"><ul><li><a href=\"http:\/\/dezvoltare.uvt.ro\/arte\/wp-content\/uploads\/2021\/11\/Hotarari-Consiliu-FAD-2017-2018.pdf\">Hot\u0103r\u00e2rile Consiliului FAD 2017-2018<\/a><\/li><li><a href=\"http:\/\/dezvoltare.uvt.ro\/arte\/wp-content\/uploads\/2021\/11\/2018-2019-HOTARARI-CF-ARTE.docx\">Hot\u0103r\u00e2rile Consiliului FAD 2018-2019<\/a><\/li><li><a href=\"http:\/\/dezvoltare.uvt.ro\/arte\/wp-content\/uploads\/2021\/11\/2019-2020-HOTARARI-CF-ARTE-1.pdf\">Hot\u0103r\u00e2rile Consiliului FAD 2019-2020<\/a><\/li><li><a href=\"http:\/\/dezvoltare.uvt.ro\/arte\/wp-content\/uploads\/2021\/11\/HC-FAD-2020-2021-2.pdf\">Hot\u0103r\u00e2rile Consiliului FAD 2020-2021<\/a><\/li><\/ul><\/div>\n\t\t\t\t<\/div>\n\t\t\t\t\t\t\t\t<\/div>\n\t\t\t\t<\/div>\n\t\t\t\t<\/div>\n\t\t\t\t\t<\/div>\n\t\t<\/div>\n\t\t\t\t\t\t\t<\/div>\n\t\t<\/section>\n\t\t\t\t<section class=\"elementor-section elementor-top-section elementor-element elementor-element-4f6944d elementor-section-boxed elementor-section-height-default elementor-section-height-default\" data-id=\"4f6944d\" data-element_type=\"section\">\n\t\t\t\t\t\t<div class=\"elementor-container elementor-column-gap-default\">\n\t\t\t\t\t<div class=\"elementor-column elementor-col-100 elementor-top-column elementor-element elementor-element-8deb72a\" data-id=\"8deb72a\" data-element_type=\"column\">\n\t\t\t<div class=\"elementor-widget-wrap elementor-element-populated\">\n\t\t\t\t\t\t\t\t<div class=\"elementor-element elementor-element-d098802 elementor-widget elementor-widget-spacer\" data-id=\"d098802\" data-element_type=\"widget\" data-widget_type=\"spacer.default\">\n\t\t\t\t<div class=\"elementor-widget-container\">\n\t\t\t\t\t<div class=\"elementor-spacer\">\n\t\t\t<div class=\"elementor-spacer-inner\"><\/div>\n\t\t<\/div>\n\t\t\t\t<\/div>\n\t\t\t\t<\/div>\n\t\t\t\t\t<\/div>\n\t\t<\/div>\n\t\t\t\t\t\t\t<\/div>\n\t\t<\/section>\n\t\t\t\t\t\t\t<\/div>\n\t\t","protected":false},"excerpt":{"rendered":"<p>Regulamente \u0219i documente utile Regulament de organizare \u0219i func\u021bionare al consiliului Facult\u0103\u021bii Regulamentul de organizare si func\u021bionare a Consiliului Facult\u0103\u021bii de Arte \u0219i Design Membrii consiliului Facult\u0103\u021bii \u00a0 Membrii Consiliului FAD Nume Departament Adres\u0103 email Prof. univ. dr. Daniela Constantin Arte vizuale daniela.constantin@e-uvt.ro Conf. univ. dr. Andreea Palade Flondor Design si Arte Aplicate andreea.palade@e-uvt.ro Conf. [&hellip;]<\/p>\n","protected":false},"author":2,"featured_media":0,"parent":75,"menu_order":0,"comment_status":"closed","ping_status":"closed","template":"","meta":[],"acf":[],"yoast_head":"<!-- This site is optimized with the Yoast SEO plugin v20.4 - https:\/\/yoast.com\/wordpress\/plugins\/seo\/ -->\n<title>Regulamente \u0219i documente utile - dezvoltare.uvt.ro\/arte<\/title>\n<meta name=\"robots\" content=\"noindex, follow, max-snippet:-1, max-image-preview:large, max-video-preview:-1\" \/>\n<meta property=\"og:locale\" content=\"en_US\" \/>\n<meta property=\"og:type\" content=\"article\" \/>\n<meta property=\"og:title\" content=\"Regulamente \u0219i documente utile - dezvoltare.uvt.ro\/arte\" \/>\n<meta property=\"og:description\" content=\"Regulamente \u0219i documente utile Regulament de organizare \u0219i func\u021bionare al consiliului Facult\u0103\u021bii Regulamentul de organizare si func\u021bionare a Consiliului Facult\u0103\u021bii de Arte \u0219i Design Membrii consiliului Facult\u0103\u021bii \u00a0 Membrii Consiliului FAD Nume Departament Adres\u0103 email Prof. univ. dr. Daniela Constantin Arte vizuale daniela.constantin@e-uvt.ro Conf. univ. dr. Andreea Palade Flondor Design si Arte Aplicate andreea.palade@e-uvt.ro Conf. [&hellip;]\" \/>\n<meta property=\"og:url\" content=\"http:\/\/dezvoltare.uvt.ro\/arte\/facultate\/regulamente-si-documente-utile\/\" \/>\n<meta property=\"og:site_name\" content=\"dezvoltare.uvt.ro\/arte\" \/>\n<meta property=\"article:modified_time\" content=\"2023-07-25T09:12:49+00:00\" \/>\n<meta name=\"twitter:card\" content=\"summary_large_image\" \/>\n<meta name=\"twitter:label1\" content=\"Est. reading time\" \/>\n\t<meta name=\"twitter:data1\" content=\"1 minute\" \/>\n<script type=\"application\/ld+json\" class=\"yoast-schema-graph\">{\"@context\":\"https:\/\/schema.org\",\"@graph\":[{\"@type\":\"WebPage\",\"@id\":\"http:\/\/dezvoltare.uvt.ro\/arte\/facultate\/regulamente-si-documente-utile\/\",\"url\":\"http:\/\/dezvoltare.uvt.ro\/arte\/facultate\/regulamente-si-documente-utile\/\",\"name\":\"Regulamente \u0219i documente utile - dezvoltare.uvt.ro\/arte\",\"isPartOf\":{\"@id\":\"https:\/\/dezvoltare.uvt.ro\/arte\/#website\"},\"datePublished\":\"2021-11-09T21:17:29+00:00\",\"dateModified\":\"2023-07-25T09:12:49+00:00\",\"breadcrumb\":{\"@id\":\"http:\/\/dezvoltare.uvt.ro\/arte\/facultate\/regulamente-si-documente-utile\/#breadcrumb\"},\"inLanguage\":\"en-US\",\"potentialAction\":[{\"@type\":\"ReadAction\",\"target\":[\"http:\/\/dezvoltare.uvt.ro\/arte\/facultate\/regulamente-si-documente-utile\/\"]}]},{\"@type\":\"BreadcrumbList\",\"@id\":\"http:\/\/dezvoltare.uvt.ro\/arte\/facultate\/regulamente-si-documente-utile\/#breadcrumb\",\"itemListElement\":[{\"@type\":\"ListItem\",\"position\":1,\"name\":\"Acas\u0103\",\"item\":\"https:\/\/dezvoltare.uvt.ro\/arte\/\"},{\"@type\":\"ListItem\",\"position\":2,\"name\":\"Facultate\",\"item\":\"http:\/\/dezvoltare.uvt.ro\/arte\/facultate\/\"},{\"@type\":\"ListItem\",\"position\":3,\"name\":\"Regulamente \u0219i documente utile\"}]},{\"@type\":\"WebSite\",\"@id\":\"https:\/\/dezvoltare.uvt.ro\/arte\/#website\",\"url\":\"https:\/\/dezvoltare.uvt.ro\/arte\/\",\"name\":\"dezvoltare.uvt.ro\/arte\",\"description\":\"Arte\",\"potentialAction\":[{\"@type\":\"SearchAction\",\"target\":{\"@type\":\"EntryPoint\",\"urlTemplate\":\"https:\/\/dezvoltare.uvt.ro\/arte\/?s={search_term_string}\"},\"query-input\":\"required name=search_term_string\"}],\"inLanguage\":\"en-US\"}]}<\/script>\n<!-- \/ Yoast SEO plugin. -->","yoast_head_json":{"title":"Regulamente \u0219i documente utile - dezvoltare.uvt.ro\/arte","robots":{"index":"noindex","follow":"follow","max-snippet":"max-snippet:-1","max-image-preview":"max-image-preview:large","max-video-preview":"max-video-preview:-1"},"og_locale":"en_US","og_type":"article","og_title":"Regulamente \u0219i documente utile - dezvoltare.uvt.ro\/arte","og_description":"Regulamente \u0219i documente utile Regulament de organizare \u0219i func\u021bionare al consiliului Facult\u0103\u021bii Regulamentul de organizare si func\u021bionare a Consiliului Facult\u0103\u021bii de Arte \u0219i Design Membrii consiliului Facult\u0103\u021bii \u00a0 Membrii Consiliului FAD Nume Departament Adres\u0103 email Prof. univ. dr. Daniela Constantin Arte vizuale daniela.constantin@e-uvt.ro Conf. univ. dr. Andreea Palade Flondor Design si Arte Aplicate andreea.palade@e-uvt.ro Conf. [&hellip;]","og_url":"http:\/\/dezvoltare.uvt.ro\/arte\/facultate\/regulamente-si-documente-utile\/","og_site_name":"dezvoltare.uvt.ro\/arte","article_modified_time":"2023-07-25T09:12:49+00:00","twitter_card":"summary_large_image","twitter_misc":{"Est. reading time":"1 minute"},"schema":{"@context":"https:\/\/schema.org","@graph":[{"@type":"WebPage","@id":"http:\/\/dezvoltare.uvt.ro\/arte\/facultate\/regulamente-si-documente-utile\/","url":"http:\/\/dezvoltare.uvt.ro\/arte\/facultate\/regulamente-si-documente-utile\/","name":"Regulamente \u0219i documente utile - dezvoltare.uvt.ro\/arte","isPartOf":{"@id":"https:\/\/dezvoltare.uvt.ro\/arte\/#website"},"datePublished":"2021-11-09T21:17:29+00:00","dateModified":"2023-07-25T09:12:49+00:00","breadcrumb":{"@id":"http:\/\/dezvoltare.uvt.ro\/arte\/facultate\/regulamente-si-documente-utile\/#breadcrumb"},"inLanguage":"en-US","potentialAction":[{"@type":"ReadAction","target":["http:\/\/dezvoltare.uvt.ro\/arte\/facultate\/regulamente-si-documente-utile\/"]}]},{"@type":"BreadcrumbList","@id":"http:\/\/dezvoltare.uvt.ro\/arte\/facultate\/regulamente-si-documente-utile\/#breadcrumb","itemListElement":[{"@type":"ListItem","position":1,"name":"Acas\u0103","item":"https:\/\/dezvoltare.uvt.ro\/arte\/"},{"@type":"ListItem","position":2,"name":"Facultate","item":"http:\/\/dezvoltare.uvt.ro\/arte\/facultate\/"},{"@type":"ListItem","position":3,"name":"Regulamente \u0219i documente utile"}]},{"@type":"WebSite","@id":"https:\/\/dezvoltare.uvt.ro\/arte\/#website","url":"https:\/\/dezvoltare.uvt.ro\/arte\/","name":"dezvoltare.uvt.ro\/arte","description":"Arte","potentialAction":[{"@type":"SearchAction","target":{"@type":"EntryPoint","urlTemplate":"https:\/\/dezvoltare.uvt.ro\/arte\/?s={search_term_string}"},"query-input":"required name=search_term_string"}],"inLanguage":"en-US"}]}},"_links":{"self":[{"href":"http:\/\/dezvoltare.uvt.ro\/arte\/wp-json\/wp\/v2\/pages\/87"}],"collection":[{"href":"http:\/\/dezvoltare.uvt.ro\/arte\/wp-json\/wp\/v2\/pages"}],"about":[{"href":"http:\/\/dezvoltare.uvt.ro\/arte\/wp-json\/wp\/v2\/types\/page"}],"author":[{"embeddable":true,"href":"http:\/\/dezvoltare.uvt.ro\/arte\/wp-json\/wp\/v2\/users\/2"}],"replies":[{"embeddable":true,"href":"http:\/\/dezvoltare.uvt.ro\/arte\/wp-json\/wp\/v2\/comments?post=87"}],"version-history":[{"count":3,"href":"http:\/\/dezvoltare.uvt.ro\/arte\/wp-json\/wp\/v2\/pages\/87\/revisions"}],"predecessor-version":[{"id":3492,"href":"http:\/\/dezvoltare.uvt.ro\/arte\/wp-json\/wp\/v2\/pages\/87\/revisions\/3492"}],"up":[{"embeddable":true,"href":"http:\/\/dezvoltare.uvt.ro\/arte\/wp-json\/wp\/v2\/pages\/75"}],"wp:attachment":[{"href":"http:\/\/dezvoltare.uvt.ro\/arte\/wp-json\/wp\/v2\/media?parent=87"}],"curies":[{"name":"wp","href":"https:\/\/api.w.org\/{rel}","templated":true}]}}