{"id":978,"date":"2021-12-12T11:12:13","date_gmt":"2021-12-12T11:12:13","guid":{"rendered":"http:\/\/dezvoltare.uvt.ro\/arte\/?page_id=978"},"modified":"2023-03-23T12:29:01","modified_gmt":"2023-03-23T12:29:01","slug":"arte-decorative","status":"publish","type":"page","link":"http:\/\/dezvoltare.uvt.ro\/arte\/educatie\/programe-de-licenta\/arte-decorative\/","title":{"rendered":"Arte decorative"},"content":{"rendered":"\t\t<div data-elementor-type=\"wp-page\" data-elementor-id=\"978\" class=\"elementor elementor-978\">\n\t\t\t\t\t\t\t\t\t<section class=\"elementor-section elementor-top-section elementor-element elementor-element-f709887 elementor-section-boxed elementor-section-height-default elementor-section-height-default\" data-id=\"f709887\" data-element_type=\"section\">\n\t\t\t\t\t\t<div class=\"elementor-container elementor-column-gap-default\">\n\t\t\t\t\t<div class=\"elementor-column elementor-col-100 elementor-top-column elementor-element elementor-element-9b564cd\" data-id=\"9b564cd\" data-element_type=\"column\">\n\t\t\t<div class=\"elementor-widget-wrap elementor-element-populated\">\n\t\t\t\t\t\t\t\t<div class=\"elementor-element elementor-element-f781fb3 elementor-align-left elementor-widget elementor-widget-breadcrumbs\" data-id=\"f781fb3\" data-element_type=\"widget\" data-widget_type=\"breadcrumbs.default\">\n\t\t\t\t<div class=\"elementor-widget-container\">\n\t\t\t<p id=\"breadcrumbs\"><span><span><a href=\"https:\/\/dezvoltare.uvt.ro\/arte\/\">Acas\u0103<\/a><\/span><\/span><\/p>\t\t<\/div>\n\t\t\t\t<\/div>\n\t\t\t\t\t<\/div>\n\t\t<\/div>\n\t\t\t\t\t\t\t<\/div>\n\t\t<\/section>\n\t\t\t\t<section class=\"elementor-section elementor-top-section elementor-element elementor-element-ba5a5f7 elementor-section-boxed elementor-section-height-default elementor-section-height-default\" data-id=\"ba5a5f7\" data-element_type=\"section\">\n\t\t\t\t\t\t<div class=\"elementor-container elementor-column-gap-default\">\n\t\t\t\t\t<div class=\"elementor-column elementor-col-100 elementor-top-column elementor-element elementor-element-21155bf\" data-id=\"21155bf\" data-element_type=\"column\">\n\t\t\t<div class=\"elementor-widget-wrap elementor-element-populated\">\n\t\t\t\t\t\t\t\t<div class=\"elementor-element elementor-element-26a4057 elementor-widget elementor-widget-heading\" data-id=\"26a4057\" data-element_type=\"widget\" data-widget_type=\"heading.default\">\n\t\t\t\t<div class=\"elementor-widget-container\">\n\t\t\t<h2 class=\"elementor-heading-title elementor-size-default\">Arte decorative<\/h2>\t\t<\/div>\n\t\t\t\t<\/div>\n\t\t\t\t<div class=\"elementor-element elementor-element-dd7d3bb elementor-widget-divider--view-line elementor-widget elementor-widget-divider\" data-id=\"dd7d3bb\" data-element_type=\"widget\" data-widget_type=\"divider.default\">\n\t\t\t\t<div class=\"elementor-widget-container\">\n\t\t\t\t\t<div class=\"elementor-divider\">\n\t\t\t<span class=\"elementor-divider-separator\">\n\t\t\t\t\t\t<\/span>\n\t\t<\/div>\n\t\t\t\t<\/div>\n\t\t\t\t<\/div>\n\t\t\t\t\t<\/div>\n\t\t<\/div>\n\t\t\t\t\t\t\t<\/div>\n\t\t<\/section>\n\t\t\t\t<section class=\"elementor-section elementor-top-section elementor-element elementor-element-c1fe0fa elementor-section-height-min-height elementor-section-items-top elementor-section-content-top elementor-section-boxed elementor-section-height-default\" data-id=\"c1fe0fa\" data-element_type=\"section\">\n\t\t\t\t\t\t<div class=\"elementor-container elementor-column-gap-default\">\n\t\t\t\t\t<div class=\"elementor-column elementor-col-50 elementor-top-column elementor-element elementor-element-fa64ec1\" data-id=\"fa64ec1\" data-element_type=\"column\">\n\t\t\t<div class=\"elementor-widget-wrap elementor-element-populated\">\n\t\t\t\t\t\t\t\t<div class=\"elementor-element elementor-element-c5c1fbf elementor-widget elementor-widget-eael-adv-accordion\" data-id=\"c5c1fbf\" data-element_type=\"widget\" data-widget_type=\"eael-adv-accordion.default\">\n\t\t\t\t<div class=\"elementor-widget-container\">\n\t\t\t        <div class=\"eael-adv-accordion\" id=\"eael-adv-accordion-c5c1fbf\" data-accordion-id=\"c5c1fbf\" data-accordion-type=\"accordion\" data-toogle-speed=\"300\">\n    <div class=\"eael-accordion-list\">\n                <div id=\"prezentarea-specializrii\" class=\"elementor-tab-title eael-accordion-header\" tabindex=\"2071\" data-tab=\"1\" aria-controls=\"elementor-tab-content-2071\"><span class=\"eael-advanced-accordion-icon-closed\"><i aria-hidden=\"true\" class=\"fa-accordion-icon fas fa-plus\"><\/i><\/span><span class=\"eael-advanced-accordion-icon-opened\"><i aria-hidden=\"true\" class=\"fa-accordion-icon fas fa-minus\"><\/i><\/span><span class=\"eael-accordion-tab-title\">Prezentarea specializ\u0103rii<\/span><i aria-hidden=\"true\" class=\"fa-toggle fas fa-angle-right\"><\/i><\/div><div id=\"elementor-tab-content-2071\" class=\"eael-accordion-content clearfix\" data-tab=\"1\" aria-labelledby=\"prezentarea-specializrii\"><p><p>Artele Decorative sunt arte modelatoare de g\u00e2ndire \u015fi sensibilit\u0103\u0163i, purt\u00e2nd o dimensiune reflexiv\u0103 de modelare a acelui ce o practic\u0103 \u015fi totodat\u0103 o dimensiune tranzitiv\u0103 de transmitere, de comunicare, de difuzare a spiritualului dar \u015fi a esteticului \u00een via\u0163a cotidian\u0103 \u00een vecin\u0103tatea \u015ftiin\u0163ei \u015fi filosofiei pe considerentul c\u0103 arta este la fel de necesar\u0103 g\u00e2ndirii \u015fi experien\u0163ei de via\u0163\u0103.<br \/>Misiunea programului de studii Arte Decorative, se \u00eencadreaz\u0103 \u00een misiunea UVT, ea poate fi descris\u0103 pe direc\u021bia misiunii didactice \u0219i pe cea de cercetare \/crea\u021bie. Misiunea didactic\u0103 este aceea de a realiza o calificare \u00een artele vizuale \/arte decorative, care s\u0103 fie caracterizat\u0103 de:<br \/><br \/>-dob\u00e2ndirea de abilit\u0103\u0163i \u015fi competen\u0163e de specialitate privind:<br \/>\u2022 Utilizarea adecvat\u0103 a limbajului specific artelor decorative, pentru a opera cu el \u00een domeniul specific. \u00eenv\u0103\u0163area lucrului \u00een echip\u0103 \u015fi dobandirea cuno\u015ftin\u0163ele necesare de marketing, curatoriat<br \/>\u2022 Realizarea de proiecte de specialitate, prin integrarea explicit\u0103 a conceptelor fundamentale ale artelor vizuale.<br \/>\u2022 Prelucrarea critic interpretativ\u0103 a produselor creative din mediul decorativ, pentru a realiza proiecte personale originale.<br \/>\u2022 Experimentarea proceselor, tehnicilor \u0219i tehnologiilor specifice artelor decorative.<br \/>\u2022 Conceptualizarea teoriilor \u0219i comunicarea vizual\u0103 a rezultatelor acesteia, printr-un demers creativ \u0219i productiv personal.<br \/>\u2022 Implementarea, comunicarea \u0219i promovarea proiectelor specifice specializ\u0103rii.<br \/><br \/>-dob\u00e2ndirea de abilit\u0103\u0163i \u015fi competen\u0163e transversale privind:<br \/>\u2022 Aplicarea unor strategii de munc\u0103 riguroas\u0103, eficient\u0103 \u0219i responsabil\u0103, de punctualitate \u0219i r\u0103spundere personal\u0103 fa\u021b\u0103 de rezultat, pe baza principiilor, normelor \u0219i valorilor codului deontologic.<br \/>\u2022 Identificarea rolurilor \u0219i responsabilit\u0103\u021bilor \u00eentr-o echip\u0103 plurispecializat\u0103 \u0219i aplicarea de tehnici de rela\u021bionare \u0219i munca eficient\u0103 \u00een cadrul echipei.<br \/>\u2022 Identificarea oportunit\u0103\u021bilor de formare continu\u0103 \u0219i valorificarea eficient\u0103 a resurselor \u0219i a tehnicilor de \u00eenv\u0103\u021bare pentru propria dezvoltare.<br \/><br \/>Misiunea de cercetare a programului de studii Arte Decorative.<br \/>\u00cen cadrul departamentului, programul de studii Arte Decorative se caracterizeaz\u0103 printr-o bogat\u0103 activitate de cercetare \u0219i crea\u021bie artistic\u0103 aplicat\u0103. Ca atare, o aten\u0163ie cu totul special\u0103 este acordat\u0103 form\u0103rii, cultiv\u0103rii \u015fi dezvolt\u0103rii abilit\u0103\u0163ilor incipiente de cercetare \u0219i crea\u021bie ale absolven\u0163ilor, abilit\u0103\u0163i care s\u0103 le permit\u0103 accederea spre programele de master din domeniul artelor vizuale. Obiectivele sunt \u00een concordan\u0163\u0103 cu tipul de activitate desf\u0103\u015furat \u00een cadrul programului de studii, cu accentul pus pe procesul de predare-\u00eenv\u0103\u021bare centrat pe student, pe acordarea acestui proces cu cerin\u021bele unei societ\u0103\u021bi ce are la baz\u0103 cunoa\u0219terea \u0219i educa\u021bia.<br \/>Obiectivul general al programului universitar de licenta Arte Decorative (Arte textile, Ceramic\u0103) urm\u0103re\u0219te transmiterea \u0219i \u00eensu\u0219irea cuno\u0219tin\u021belor fundamentale, identificarea, definirea \u0219i analiza limbajului artistic, specific domeniului Arte decorative. Crearea cadrului teoretic \u0219i practic-artistic pentru \u00eensu\u0219irea \u0219i valorificarea conceptelor de baz\u0103 din domeniul arte vizuale.<br \/>Un alt obiectiv important este acela al stimul\u0103rii crea\u021biei artistice, al cercet\u0103rii inovative bazate pe \u00een\u021belegerea evolu\u021biei societ\u0103\u021bii.<br \/>Astfel programul de studiu Arte Decorative are ca obiectiv principal formarea arti\u0219tilor vizuali cu o preg\u0103tire superioar\u0103 \u00een domeniu.<\/p><\/p><\/div>\n                <\/div><div class=\"eael-accordion-list\">\n                <div id=\"planuri-de-nvmnt\" class=\"elementor-tab-title eael-accordion-header\" tabindex=\"2072\" data-tab=\"2\" aria-controls=\"elementor-tab-content-2072\"><span class=\"eael-advanced-accordion-icon-closed\"><i aria-hidden=\"true\" class=\"fa-accordion-icon fas fa-plus\"><\/i><\/span><span class=\"eael-advanced-accordion-icon-opened\"><i aria-hidden=\"true\" class=\"fa-accordion-icon fas fa-minus\"><\/i><\/span><span class=\"eael-accordion-tab-title\">Planuri de \u00eenv\u0103\u021b\u0103m\u00e2nt<\/span><i aria-hidden=\"true\" class=\"fa-toggle fas fa-angle-right\"><\/i><\/div><div id=\"elementor-tab-content-2072\" class=\"eael-accordion-content clearfix\" data-tab=\"2\" aria-labelledby=\"planuri-de-nvmnt\"><p><ul><li><a href=\"http:\/\/dezvoltare.uvt.ro\/arte\/wp-content\/uploads\/2023\/03\/ARTE-DECORATIVE-an1.pdf\">ARTE DECORATIVE an1<\/a><\/li><li><a href=\"http:\/\/dezvoltare.uvt.ro\/arte\/wp-content\/uploads\/2023\/03\/ARTE-DECORATIVE-an2.pdf\">ARTE DECORATIVE an2<\/a><\/li><li><a href=\"http:\/\/dezvoltare.uvt.ro\/arte\/wp-content\/uploads\/2023\/03\/ARTE-DECORATIVE-an3.pdf\">ARTE DECORATIVE an3<\/a><\/li><\/ul><\/p><\/div>\n                <\/div><div class=\"eael-accordion-list\">\n                <div id=\"fiele-disciplinelor\" class=\"elementor-tab-title eael-accordion-header\" tabindex=\"2073\" data-tab=\"3\" aria-controls=\"elementor-tab-content-2073\"><span class=\"eael-advanced-accordion-icon-closed\"><i aria-hidden=\"true\" class=\"fa-accordion-icon fas fa-plus\"><\/i><\/span><span class=\"eael-advanced-accordion-icon-opened\"><i aria-hidden=\"true\" class=\"fa-accordion-icon fas fa-minus\"><\/i><\/span><span class=\"eael-accordion-tab-title\">Fi\u0219ele disciplinelor<\/span><i aria-hidden=\"true\" class=\"fa-toggle fas fa-angle-right\"><\/i><\/div><div id=\"elementor-tab-content-2073\" class=\"eael-accordion-content clearfix\" data-tab=\"3\" aria-labelledby=\"fiele-disciplinelor\"><p><p><a href=\"https:\/\/drive.google.com\/drive\/folders\/1naTsPeoJoIUtQIt-j_rgE71VCDoT1cdc?usp=share_link\" target=\"_blank\" rel=\"noopener\">VEZI FISELE DISCIPLINELOR SEM 2 2022-2023<\/a><\/p><\/p><\/div>\n                <\/div><\/div>\t\t<\/div>\n\t\t\t\t<\/div>\n\t\t\t\t<div class=\"elementor-element elementor-element-6c535ca elementor-widget elementor-widget-spacer\" data-id=\"6c535ca\" data-element_type=\"widget\" data-widget_type=\"spacer.default\">\n\t\t\t\t<div class=\"elementor-widget-container\">\n\t\t\t\t\t<div class=\"elementor-spacer\">\n\t\t\t<div class=\"elementor-spacer-inner\"><\/div>\n\t\t<\/div>\n\t\t\t\t<\/div>\n\t\t\t\t<\/div>\n\t\t\t\t\t<\/div>\n\t\t<\/div>\n\t\t\t\t<div class=\"elementor-column elementor-col-50 elementor-top-column elementor-element elementor-element-22101f0\" data-id=\"22101f0\" data-element_type=\"column\">\n\t\t\t<div class=\"elementor-widget-wrap elementor-element-populated\">\n\t\t\t\t\t\t\t\t<div class=\"elementor-element elementor-element-49eece1 elementor-widget elementor-widget-text-editor\" data-id=\"49eece1\" data-element_type=\"widget\" data-widget_type=\"text-editor.default\">\n\t\t\t\t<div class=\"elementor-widget-container\">\n\t\t\t\t\t\t\t<p><b>Domeniul:<\/b>\u00a0Arte vizuale<br \/><b><\/b><\/p><p><b>Specializarea:<\/b> Arte decorative<br \/><b><\/b><\/p><p><b>Forma de \u00eenv\u0103\u021b\u0103m\u00e2nt:<\/b> Cu frecven\u021b\u0103<br \/><b><\/b><\/p><p><b>Forma de finalizare:<\/b> Diplom\u0103 studii universitare<br \/><b><\/b><\/p><p><b>Titlul acordat:<\/b>\u00a0Licen\u021biat Arte Vizuale<\/p>\t\t\t\t\t\t<\/div>\n\t\t\t\t<\/div>\n\t\t\t\t\t<\/div>\n\t\t<\/div>\n\t\t\t\t\t\t\t<\/div>\n\t\t<\/section>\n\t\t\t\t\t\t\t<\/div>\n\t\t","protected":false},"excerpt":{"rendered":"<p>Arte decorative Prezentarea specializ\u0103rii Artele Decorative sunt arte modelatoare de g\u00e2ndire \u015fi sensibilit\u0103\u0163i, purt\u00e2nd o dimensiune reflexiv\u0103 de modelare a acelui ce o practic\u0103 \u015fi totodat\u0103 o dimensiune tranzitiv\u0103 de transmitere, de comunicare, de difuzare a spiritualului dar \u015fi a esteticului \u00een via\u0163a cotidian\u0103 \u00een vecin\u0103tatea \u015ftiin\u0163ei \u015fi filosofiei pe considerentul c\u0103 arta este la [&hellip;]<\/p>\n","protected":false},"author":2,"featured_media":0,"parent":99,"menu_order":0,"comment_status":"closed","ping_status":"closed","template":"","meta":[],"acf":[],"yoast_head":"<!-- This site is optimized with the Yoast SEO plugin v20.4 - https:\/\/yoast.com\/wordpress\/plugins\/seo\/ -->\n<title>Arte decorative - dezvoltare.uvt.ro\/arte<\/title>\n<meta name=\"robots\" content=\"noindex, follow, max-snippet:-1, max-image-preview:large, max-video-preview:-1\" \/>\n<meta property=\"og:locale\" content=\"en_US\" \/>\n<meta property=\"og:type\" content=\"article\" \/>\n<meta property=\"og:title\" content=\"Arte decorative - dezvoltare.uvt.ro\/arte\" \/>\n<meta property=\"og:description\" content=\"Arte decorative Prezentarea specializ\u0103rii Artele Decorative sunt arte modelatoare de g\u00e2ndire \u015fi sensibilit\u0103\u0163i, purt\u00e2nd o dimensiune reflexiv\u0103 de modelare a acelui ce o practic\u0103 \u015fi totodat\u0103 o dimensiune tranzitiv\u0103 de transmitere, de comunicare, de difuzare a spiritualului dar \u015fi a esteticului \u00een via\u0163a cotidian\u0103 \u00een vecin\u0103tatea \u015ftiin\u0163ei \u015fi filosofiei pe considerentul c\u0103 arta este la [&hellip;]\" \/>\n<meta property=\"og:url\" content=\"http:\/\/dezvoltare.uvt.ro\/arte\/educatie\/programe-de-licenta\/arte-decorative\/\" \/>\n<meta property=\"og:site_name\" content=\"dezvoltare.uvt.ro\/arte\" \/>\n<meta property=\"article:modified_time\" content=\"2023-03-23T12:29:01+00:00\" \/>\n<meta name=\"twitter:card\" content=\"summary_large_image\" \/>\n<meta name=\"twitter:label1\" content=\"Est. reading time\" \/>\n\t<meta name=\"twitter:data1\" content=\"3 minutes\" \/>\n<script type=\"application\/ld+json\" class=\"yoast-schema-graph\">{\"@context\":\"https:\/\/schema.org\",\"@graph\":[{\"@type\":\"WebPage\",\"@id\":\"http:\/\/dezvoltare.uvt.ro\/arte\/educatie\/programe-de-licenta\/arte-decorative\/\",\"url\":\"http:\/\/dezvoltare.uvt.ro\/arte\/educatie\/programe-de-licenta\/arte-decorative\/\",\"name\":\"Arte decorative - dezvoltare.uvt.ro\/arte\",\"isPartOf\":{\"@id\":\"https:\/\/dezvoltare.uvt.ro\/arte\/#website\"},\"datePublished\":\"2021-12-12T11:12:13+00:00\",\"dateModified\":\"2023-03-23T12:29:01+00:00\",\"breadcrumb\":{\"@id\":\"http:\/\/dezvoltare.uvt.ro\/arte\/educatie\/programe-de-licenta\/arte-decorative\/#breadcrumb\"},\"inLanguage\":\"en-US\",\"potentialAction\":[{\"@type\":\"ReadAction\",\"target\":[\"http:\/\/dezvoltare.uvt.ro\/arte\/educatie\/programe-de-licenta\/arte-decorative\/\"]}]},{\"@type\":\"BreadcrumbList\",\"@id\":\"http:\/\/dezvoltare.uvt.ro\/arte\/educatie\/programe-de-licenta\/arte-decorative\/#breadcrumb\",\"itemListElement\":[{\"@type\":\"ListItem\",\"position\":1,\"name\":\"Acas\u0103\",\"item\":\"https:\/\/dezvoltare.uvt.ro\/arte\/\"},{\"@type\":\"ListItem\",\"position\":2,\"name\":\"Educa\u021bie\",\"item\":\"http:\/\/dezvoltare.uvt.ro\/arte\/educatie\/\"},{\"@type\":\"ListItem\",\"position\":3,\"name\":\"Programe de licen\u021b\u0103\",\"item\":\"http:\/\/dezvoltare.uvt.ro\/arte\/educatie\/programe-de-licenta\/\"},{\"@type\":\"ListItem\",\"position\":4,\"name\":\"Arte decorative\"}]},{\"@type\":\"WebSite\",\"@id\":\"https:\/\/dezvoltare.uvt.ro\/arte\/#website\",\"url\":\"https:\/\/dezvoltare.uvt.ro\/arte\/\",\"name\":\"dezvoltare.uvt.ro\/arte\",\"description\":\"Arte\",\"potentialAction\":[{\"@type\":\"SearchAction\",\"target\":{\"@type\":\"EntryPoint\",\"urlTemplate\":\"https:\/\/dezvoltare.uvt.ro\/arte\/?s={search_term_string}\"},\"query-input\":\"required name=search_term_string\"}],\"inLanguage\":\"en-US\"}]}<\/script>\n<!-- \/ Yoast SEO plugin. -->","yoast_head_json":{"title":"Arte decorative - dezvoltare.uvt.ro\/arte","robots":{"index":"noindex","follow":"follow","max-snippet":"max-snippet:-1","max-image-preview":"max-image-preview:large","max-video-preview":"max-video-preview:-1"},"og_locale":"en_US","og_type":"article","og_title":"Arte decorative - dezvoltare.uvt.ro\/arte","og_description":"Arte decorative Prezentarea specializ\u0103rii Artele Decorative sunt arte modelatoare de g\u00e2ndire \u015fi sensibilit\u0103\u0163i, purt\u00e2nd o dimensiune reflexiv\u0103 de modelare a acelui ce o practic\u0103 \u015fi totodat\u0103 o dimensiune tranzitiv\u0103 de transmitere, de comunicare, de difuzare a spiritualului dar \u015fi a esteticului \u00een via\u0163a cotidian\u0103 \u00een vecin\u0103tatea \u015ftiin\u0163ei \u015fi filosofiei pe considerentul c\u0103 arta este la [&hellip;]","og_url":"http:\/\/dezvoltare.uvt.ro\/arte\/educatie\/programe-de-licenta\/arte-decorative\/","og_site_name":"dezvoltare.uvt.ro\/arte","article_modified_time":"2023-03-23T12:29:01+00:00","twitter_card":"summary_large_image","twitter_misc":{"Est. reading time":"3 minutes"},"schema":{"@context":"https:\/\/schema.org","@graph":[{"@type":"WebPage","@id":"http:\/\/dezvoltare.uvt.ro\/arte\/educatie\/programe-de-licenta\/arte-decorative\/","url":"http:\/\/dezvoltare.uvt.ro\/arte\/educatie\/programe-de-licenta\/arte-decorative\/","name":"Arte decorative - dezvoltare.uvt.ro\/arte","isPartOf":{"@id":"https:\/\/dezvoltare.uvt.ro\/arte\/#website"},"datePublished":"2021-12-12T11:12:13+00:00","dateModified":"2023-03-23T12:29:01+00:00","breadcrumb":{"@id":"http:\/\/dezvoltare.uvt.ro\/arte\/educatie\/programe-de-licenta\/arte-decorative\/#breadcrumb"},"inLanguage":"en-US","potentialAction":[{"@type":"ReadAction","target":["http:\/\/dezvoltare.uvt.ro\/arte\/educatie\/programe-de-licenta\/arte-decorative\/"]}]},{"@type":"BreadcrumbList","@id":"http:\/\/dezvoltare.uvt.ro\/arte\/educatie\/programe-de-licenta\/arte-decorative\/#breadcrumb","itemListElement":[{"@type":"ListItem","position":1,"name":"Acas\u0103","item":"https:\/\/dezvoltare.uvt.ro\/arte\/"},{"@type":"ListItem","position":2,"name":"Educa\u021bie","item":"http:\/\/dezvoltare.uvt.ro\/arte\/educatie\/"},{"@type":"ListItem","position":3,"name":"Programe de licen\u021b\u0103","item":"http:\/\/dezvoltare.uvt.ro\/arte\/educatie\/programe-de-licenta\/"},{"@type":"ListItem","position":4,"name":"Arte decorative"}]},{"@type":"WebSite","@id":"https:\/\/dezvoltare.uvt.ro\/arte\/#website","url":"https:\/\/dezvoltare.uvt.ro\/arte\/","name":"dezvoltare.uvt.ro\/arte","description":"Arte","potentialAction":[{"@type":"SearchAction","target":{"@type":"EntryPoint","urlTemplate":"https:\/\/dezvoltare.uvt.ro\/arte\/?s={search_term_string}"},"query-input":"required name=search_term_string"}],"inLanguage":"en-US"}]}},"_links":{"self":[{"href":"http:\/\/dezvoltare.uvt.ro\/arte\/wp-json\/wp\/v2\/pages\/978"}],"collection":[{"href":"http:\/\/dezvoltare.uvt.ro\/arte\/wp-json\/wp\/v2\/pages"}],"about":[{"href":"http:\/\/dezvoltare.uvt.ro\/arte\/wp-json\/wp\/v2\/types\/page"}],"author":[{"embeddable":true,"href":"http:\/\/dezvoltare.uvt.ro\/arte\/wp-json\/wp\/v2\/users\/2"}],"replies":[{"embeddable":true,"href":"http:\/\/dezvoltare.uvt.ro\/arte\/wp-json\/wp\/v2\/comments?post=978"}],"version-history":[{"count":0,"href":"http:\/\/dezvoltare.uvt.ro\/arte\/wp-json\/wp\/v2\/pages\/978\/revisions"}],"up":[{"embeddable":true,"href":"http:\/\/dezvoltare.uvt.ro\/arte\/wp-json\/wp\/v2\/pages\/99"}],"wp:attachment":[{"href":"http:\/\/dezvoltare.uvt.ro\/arte\/wp-json\/wp\/v2\/media?parent=978"}],"curies":[{"name":"wp","href":"https:\/\/api.w.org\/{rel}","templated":true}]}}